 1761442 is divided by 452.
450
What is the remainder when 440015 is divided by 178?
177
Calculate the remainder when 13782 is divided by 656.
6
Calculate the remainder when 6015 is divided by 1009.
970
What is the remainder when 8432 is divided by 65?
47
Calculate the remainder when 23678 is divided by 215.
28
Calculate the remainder when 1297118 is divided by 3849.
5
Calculate the remainder when 39393 is divided by 6563.
15
What is the remainder when 21676 is divided by 5394?
100
Calculate the remainder when 12194 is divided by 38.
34
Calculate the remainder when 51087 is divided by 2688.
15
What is the remainder when 15098 is divided by 888?
2
Calculate the remainder when 18385 is divided by 168.
73
Calculate the remainder when 89839 is divided by 432.
415
What is the remainder when 3107 is divided by 224?
195
What is the remainder when 336352 is divided by 60?
52
Calculate the remainder when 50193 is divided by 4562.
11
What is the remainder when 923 is divided by 451?
21
What is the remainder when 2019 is divided by 55?
39
What is the remainder when 755 is divided by 63?
62
What is the remainder when 54719 is divided by 60?
59
What is the remainder when 329832 is divided by 37?
14
Calculate the remainder when 451483 is divided by 5.
3
Calculate the remainder when 24720 is divided by 769.
112
Calculate the remainder when 144715 is divided by 120.
115
Calculate the remainder when 71203 is divided by 194.
5
What is the remainder when 2663 is divided by 637?
115
What is the remainder when 2531 is divided by 955?
621
What is the remainder when 1644808 is divided by 327?
325
What is the remainder when 83556 is divided by 19?
13
What is the remainder when 4904114 is divided by 1337?
1335
What is the remainder when 21371 is divided by 78?
77
Calculate the remainder when 166424 is divided by 477.
428
Calculate the remainder when 25503 is divided by 39.
36
Calculate the remainder when 225079 is divided by 340.
339
What is the remainder when 124568 is divided by 720?
8
Calculate the remainder when 659 is divided by 298.
63
Calculate the remainder when 16896 is divided by 8411.
74
What is the remainder when 43387 is divided by 43382?
5
What is the remainder when 122672 is divided by 10222?
8
What is the remainder when 59194 is divided by 1557?
28
Calculate the remainder when 97932 is divided by 313.
276
Calculate the remainder when 1805 is divided by 1006.
799
What is the remainder when 599427 is divided by 78?
75
What is the remainder when 1421 is divided by 257?
136
Calculate the remainder when 53672 is divided by 1578.
20
Calculate the remainder when 25852 is divided by 3.
1
Calculate the remainder when 1493 is divided by 331.
169
What is the remainder when 4323 is divided by 189?
165
Calculate the remainder when 4954 is divided by 62.
56
What is the remainder when 28854 is divided by 28842?
12
What is the remainder when 2440880 is divided by 321?
317
Calculate the remainder when 1196 is divided by 102.
74
What is the remainder when 3493906 is divided by 374?
372
What is the remainder when 5298 is divided by 1723?
129
What is the remainder when 7792 is divided by 1543?
77
What is the remainder when 4908 is divided by 860?
608
Calculate the remainder when 2334 is divided by 773.
15
Calculate the remainder when 60095 is divided by 20.
15
What is the remainder when 3848 is divided by 79?
56
What is the remainder when 170334 is divided by 44?
10
Calculate the remainder when 131288 is divided by 32820.
8
Calculate the remainder when 12901 is divided by 1003.
865
Calculate the remainder when 5270 is divided by 39.
5
Calculate the remainder when 134622 is divided by 100.
22
What is the remainder when 74843 is divided by 9355?
3
What is the remainder when 3138094 is divided by 47?
45
Calculate the remainder when 2317 is divided by 463.
2
Calculate the remainder when 523170 is divided by 42.
18
What is the remainder when 4542381 is divided by 21?
18
Calculate the remainder when 203666 is divided by 87.
86
Calculate the remainder when 20772 is divided by 10222.
328
What is the remainder when 1267568 is divided by 633784?
0
Calculate the remainder when 24718 is divided by 24.
22
Calculate the remainder when 4520 is divided by 229.
169
Calculate the remainder when 652961 is divided by 116.
113
What is the remainder when 2392 is divided by 204?
148
What is the remainder when 7202 is divided by 598?
26
Calculate the remainder when 50616 is divided by 349.
11
Calculate the remainder when 143904 is divided by 55.
24
Calculate the remainder when 9018 is divided by 1249.
275
What is the remainder when 333007 is divided by 227?
225
What is the remainder when 1917787 is divided by 404?
403
Calculate the remainder when 2112 is divided by 37.
3
Calculate the remainder when 163146 is divided by 457.
454
Calculate the remainder when 15107 is divided by 295.
62
What is the remainder when 48812 is divided by 13?
10
What is the remainder when 1033 is divided by 29?
18
Calculate the remainder when 93347 is divided by 97.
33
What is the remainder when 10408 is divided by 10394?
14
What is the remainder when 2219532 is divided by 246614?
6
What is the remainder when 125153 is divided by 894?
887
What is the remainder when 106631 is divided by 833?
7
What is the remainder when 40352 is divided by 53?
19
Calculate the remainder when 885 is divided by 152.
125
What is the remainder when 28059 is divided by 173?
33
Calculate the remainder when 122868 is divided by 67.
57
Calculate the remainder when 182147 is divided by 71.
32
Calculate the remainder when 294875 is divided by 603.
8
Calculate the remainder when 17236 is divided by 35.
16
Calculate the remainder when 267 is divided by 112.
43
Calculate the remainder when 119137 is divided by 4.
1
What is the remainder when 9908 is divided by 255?
218
What is the remainder when 772 is divided by 388?
384
What is the remainder when 10532 is divided by 44?
16
Calculate the remainder when 5221 is divided by 1120.
741
What is the remainder when 4000 is divided by 1910?
180
What is the remainder when 24205 is divided by 9?
4
Calculate the remainder when 5215 is divided by 5141.
74
What is the remainder when 5109 is divided by 73?
72
What is the remainder when 9627 is divided by 459?
447
What is the remainder when 996 is divided by 250?
246
What is the remainder when 660491 is divided by 126?
125
What is the remainder when 14386 is divided by 1328?
1106
What is the remainder when 2156 is divided by 636?
248
What is the remainder when 74632 is divided by 11?
8
Calculate the remainder when 36453 is divided by 24.
21
Calculate the remainder when 81714 is divided by 81678.
36
Calculate the remainder when 232116 is divided by 879.
60
What is the remainder when 57979 is divided by 2?
1
Calculate the remainder when 131763 is divided by 96.
51
Calculate the remainder when 55949 is divided by 208.
205
What is the remainder when 5817 is divided by 445?
32
Calculate the remainder when 15478 is divided by 120.
118
Calculate the remainder when 5570 is divided by 792.
26
What is the remainder when 258679 is divided by 11758?
3
What is the remainder when 124517 is divided by 425?
417
Calculate the remainder when 32687 is divided by 70.
67
What is the remainder when 2250270 is divided by 2107?
2101
What is the remainder when 1818 is divided by 68?
50
What is the remainder when 24718 is divided by 64?
14
Calculate the remainder when 27770 is divided by 222.
20
Calculate the remainder when 500679 is divided by 637.
634
What is the remainder when 167868 is divided by 1252?
100
Calculate the remainder when 1737249 is divided by 396.
393
Calculate the remainder when 3240 is divided by 659.
604
What is the remainder when 12422 is divided by 12371?
51
What is the remainder when 505580 is divided by 13?
10
Calculate the remainder when 3721 is divided by 219.
217
Calculate the remainder when 17897 is divided by 114.
113
What is the remainder when 72283 is divided by 47?
44
What is the remainder when 1485134 is divided by 8?
6
What is the remainder when 719205 is divided by 89898?
21
Calculate the remainder when 2159974 is divided by 182.
180
Calculate the remainder when 3176838 is divided by 20.
18
Calculate the remainder when 25625 is divided by 8488.
161
W